 + -33. Let o be ((-5)/(-6))/(2/i). Suppose -2*k + 0*f = 2*f - 100, -o*k = f - 254. What is the tens digit of k?
5
What is the hundreds digit of (-1)/3 + 11/(330/268270)?
9
Let q(t) = -3494*t - 5358. What is the tens digit of q(-13)?
6
Let f(u) = 327*u**2 - 33*u - 24. Let y be f(7). What is the tens digit of (-10)/3*y/(-120)?
3
Let t(l) = -l**2 - 14*l + 4. Let m = 2 - 16. Let o be t(m). Suppose 4*c = -2*j + 524, -j = o*c - 6*j - 496. What is the units digit of c?
9
Suppose -5*k - 96*r + 91*r + 212850 = 0, -3*k = 5*r - 127698. What is the hundreds digit of k?
5
Let i = 15631 - 5945. What is the tens digit of i?
8
Suppose 33*c - 63*c = -201330. What is the thousands digit of c?
6
Let h(n) = 15*n + 96. Let r be h(-21). What is the units digit of r/(-21) - 1/(-7)*-3?
0
Suppose 0 = i - b - 5747, -3*b + 4*b = -5*i + 28765. What is the thousands digit of i?
5
Suppose 41*o - 28*o - 26 = 0. Suppose 44 + 10 = o*y. What is the units digit of y?
7
Let a(w) = 50*w - 80. Let r(u) = -3*u - 19. Let m be r(-9). What is the hundreds digit of a(m)?
3
Suppose -32450 = -26*r + 22356 - 1844. What is the hundreds digit of r?
0
Let v = -83 - -100. Let r = -19 + v. What is the units digit of (-5*4 + r)*-1?
2
What is the thousands digit of ((-3)/12)/(10/(-120)) + (0 - -45003)?
5
Let b(p) = -13*p - 115. Let i be b(-9). Suppose 0*n + 714 = i*n - 2*k, -12 = 4*k. What is the tens digit of n?
5
Let b be ((16/(-8))/2)/((-1)/9). Suppose -b*g + 7*g = 2*t - 2372, -g + 1183 = 4*t. What is the tens digit of g?
8
Suppose 19 = g - 41. Suppose -65*z + 3065 = -g*z. What is the hundreds digit of z?
6
Suppose 5*k + 2*l + 15 = 0, -k - 4*k - 3*l - 15 = 0. Let g be (-6*(-3)/k)/(-2). Suppose -85 - g = -i. What is the tens digit of i?
8
Suppose -3*l = 2*a + 1815, -4*a - 2*l + l - 3625 = 0. What is the units digit of (a/(-4)*-1)/(1/(-2))?
3
What is the thousands digit of (20946748/(-2245))/(6/10)*(-3)/2?
3
What is the hundreds digit of 1010328/51 - 768/2176?
8
Suppose 0 = -3*i - c + 2*c + 2, 3*c = 5*i + 2. Suppose -26 + 14 = -i*g. What is the units digit of g?
6
Let s(l) = -2*l**3 + 196*l**2 + 8*l - 354. What is the hundreds digit of s(96)?
2
Let v(i) = 97*i**2 + 43*i - 76. What is the units digit of v(-12)?
6
Let b be -1 - -21 - 4/(-12)*-6. Let a = -17 + b. What is the units digit of a*((-79)/(-1) + 0 + 0)?
9
Suppose 7823 = 2*v - 268*s + 271*s, -5*v + 5*s + 19570 = 0. What is the units digit of v?
3
Let i be 8 + -3 + (54 - -3). Suppose v - 250 = -i. What is the tens digit of v?
8
Suppose -5*x - 19 = 4*f - 63, -4*f = -3*x - 12. Suppose 0 = f*n - 2*n + 3*d - 4710, -4*d = 4*n - 4708. What is the tens digit of n?
7
Suppose -2*o = -o + 5*j, -5*o - 4*j = 42. What is the hundreds digit of (18/45)/((-1)/o) - -368?
3
Let g(n) = n**3 - 13*n**2 - 22*n - 1. Suppose 6*o = 30*o - 360. What is the hundreds digit of g(o)?
1
Suppose 24*x - 3156326 = -95*x - 370179. What is the hundreds digit of x?
4
Let k(a) = 13 + 16 - 10 - 1 + a**2 + 13. What is the units digit of k(5)?
6
Let r(z) = z**3 + 69*z**2 + 187*z - 133. What is the thousands digit of r(-64)?
8
Suppose 4*f - f + z = 12059, -12063 = -3*f - 3*z. What is the units digit of f?
9
Suppose 0 = 2*s + 21*s - 136758. What is the tens digit of s?
4
Suppose -19*g - a + 561891 = -3*a, 4*a = -g + 29565. What is the tens digit of g?
7
Suppose -10*a + 2*c - 3836 = -12*a, 3*a - c = 5766. What is the thousands digit of a?
1
Suppose -151*o = -390041 - 605472 + 211974. What is the tens digit of o?
8
Let j(o) = -o**3 + 61*o**2 - 119*o + 268. What is the ten thousands digit of j(48)?
2
Suppose -24*c = -62 - 34. Suppose c*f - 674 = f - 2*h, -5*f - 2*h = -1130. What is the tens digit of f?
2
Suppose -3*g - 9 = -6*g. Suppose -3*m - 4*l = -95, 153 = -g*m + 8*m + 4*l. Suppose 31*v = m*v + 2. What is the units digit of v?
1
Let y(f) = -f**3 + f**2 - 3*f + 74. Let k be 287/(-6) - (-7)/(-42). Let w = k + 48. What is the tens digit of y(w)?
7
Suppose 55*n - 54*n = -2*t + 6463, 4*n - 12928 = -4*t. What is the hundreds digit of t?
2
Let c(v) = -243*v - 114. What is the hundreds digit of c(-44)?
5
Let s(h) = 239*h**2 - 83*h + 174. What is the tens digit of s(2)?
6
Let z(b) = 355*b**2 + 8*b. Suppose -22*w - 22 + 0 = 0. What is the units digit of z(w)?
7
Suppose -12*a + 311 - 83 = 0. Suppose a*j = 4*j + 2445. What is the units digit of j?
3
Let y be 40/(-60)*(-6)/(-4). Let u be 660 - (18/45)/(y/5). Suppose 3*z - 37 = u. What is the units digit of z?
3
Let i be ((-330)/4)/(-3)*8/(-10). Let k be (-175)/3 - i/(-33). Let m = k + 89. What is the units digit of m?
0
Suppose -2*a - 4*b + 26 = 0, 2*b - 29 = -5*a + 44. Let s = 9963 + -5115. Suppose s = n + a*n. What is the units digit of n?
3
Let s = 11737 - 11235. What is the units digit of s?
2
Let t be (-52)/(-10) + 0 + 3/(-15). Suppose t = -i - 1. What is the tens digit of (-3)/3 - i*37?
2
Suppose -866 = -5*h + 2*d - 336, 3*h = 2*d + 318. Suppose -103*m = -h*m + 918. What is the hundreds digit of m?
3
Suppose 36*y - 32*y = 12. Suppose 0*b = 4*b - 2*a - 4426, y*b - 4*a = 3312. What is the tens digit of b?
0
Suppose 22*l = 27*l + 2*f - 18395, -l = -5*f - 3652. Suppose 1531 = 14*n - l. What is the hundreds digit of n?
3
Let m be (2172/(-30))/(2/(-30)). Suppose 4*g + 3*r = 240 + 604, 5*g - 4*r - m = 0. Let i = g + -152. What is the tens digit of i?
6
Let q = 8843 + -2950. What is the thousands digit of q?
5
Suppose -8*w = -2*w + 4110. Let d = -168 - w. What is the units digit of d?
7
Let o be (-180)/50*5/(-2). Suppose 4*h = o*h - 1735. What is the units digit of h?
7
Let l = 14 + -12. Suppose 5*g = l + 18. What is the units digit of 42/(0 + -2 + g)?
1
Let x(p) = -6*p**2 - 60*p + 17. Let g be x(-18). Let v = g + 1303. What is the hundreds digit of v?
4
Let m(b) = -b**2 - 6*b - 10. Let d be m(-6). Let a(n) = -n**3 - 7*n**2 + 29*n. What is the tens digit of a(d)?
1
Let q(k) = -45*k - 355. Let b be q(13). Let o = 652 - b. What is the tens digit of o?
9
Suppose -5*r + 45 = -5*x, -3*x + 9 + 9 = 2*r. Let t be (2430/r)/(2/3). Suppose 5*o - 3*d - 715 = 0, -4*o - 3*d + t = -o. What is the tens digit of o?
4
Let o be 2/(-11) + 180/22. Suppose -o*x = 5*x - 2353. Suppose -111 = -2*y + x. What is the units digit of y?
6
Suppose 9*m - 26038 + 2492 = -2279. What is the tens digit of m?
6
Let b(u) = -3*u**2 + 566*u - 36. What is the units digit of b(103)?
5
Let y(t) = 33*t + 44. Let d be y(-1). Suppose -v - 3*s + 257 = 0, -d*s = 4*v - 8*s - 1064. What is the hundreds digit of v?
2
Let n(b) = -401*b - 52. Let f be n(-4). Let p = f - 1017. What is the hundreds digit of p?
5
Let c = 241 + -202. Suppose -36*r + c*r + 2*y - 3358 = 0, 5*r + 4*y - 5600 = 0. What is the tens digit of r?
1
Suppose -2*p = -4*f + 1842, 0*f + 925 = 2*f + 3*p. Let z = -991 - -996. Suppose -z*y + 7*m - 4*m = -f, 4*y + m = 379. What is the tens digit of y?
9
Let h = 203 - 201. Let w = 410 - 207. Suppose -4*m + p + 397 = 0, -p = h*m - 0*p - w. What is the hundreds digit of m?
1
Let d(i) = -i**3 - 9*i**2 - 209*i - 338. What is the tens digit of d(-34)?
6
Suppose 33 = 9*i + 96. What is the tens digit of 1222 + (12 - (1 - i))?
2
Suppose 2*f - 1029 = -h, -13*f = 3*h - 10*f - 3099. What is the tens digit of h?
3
Let d(t) = -t**3 - 2*t**2 + 4*t. Let v be d(-6). What is the tens digit of 49*(v/14)/5?
8
Let u be (-13 + -7)/((-2)/4). Suppose -2*j + 4*c - u = 0, 2*j + 0*c = -c - 50. What is the tens digit of -12*9/j*(18 + -2)?
7
Let s(l) = -31*l**2 + 1406*l + 38. What is the thousands digit of s(43)?
3
Suppose 4 + 16 = 4*i. Suppose -2*r + 2*g + 16 = 2*r, i*r + 4*g = 20. Suppose 4*v - 16 = -3*d + 5*d, 0 = 2*v - 2*d - r. What is the units digit of v?
6
Let x(m) be the third derivative of 5*m**4/4 - m**3/3 - 44*m**2. Let j(n) = 4*n - 26. Let a be j(7). What is the tens digit of x(a)?
5
Suppose 0 = 182*c - 181*c. Suppose 11 - 180 = -3*k + 2*z, c = 5*k - 2*z - 287. What is the units digit of k?
9
Let t(l) = -5 - 5 - 23 + 28*l - l**2 - 10. What is the units digit of t(26)?
9
Let s be ((-3)/(-2))/(-3)*0. Suppose s = 8*m - 41 - 31. What is the units digit of m?
9
Let y(i) be the third derivative of -i**6/120 + 7*i**5/60 - i**4/12 + i**3 + 4*i**2. Let d = 404 + -401. What is the units digit of y(d)?
6
Let a be (-45270)/50 + 3/(-5). Let l = -534 - a. What is the tens digit of l?
7
Let b(g) = -g**3 + 3*g**